)/(6/(-40)). Calculate the highest common factor of 32 and x.
8
Let p(d) = 5*d - 11. Let x be p(3). Suppose -4*j = 5*g - 179, j + j = -x*g + 142. What is the greatest common divisor of 14 and g?
7
Let x be (3/(-9))/((-7)/2688). Calculate the greatest common divisor of x and 8.
8
Let q(d) = 24*d - 919. Let w be q(41). What is the highest common factor of 403 and w?
13
Let j be (-7 - (-121)/22)*-12. Suppose -5*c = -45 - 225. What is the greatest common factor of c and j?
18
Suppose 3*o - o - 19 = 3*h, -2*o - h - 1 = 0. Calculate the greatest common divisor of o and 23.
1
Let t(u) = u**3 + 13*u**2 + 14*u + 26. Let r be t(-12). What is the highest common factor of r and 3?
1
Let a = -66 + 93. Suppose -a + 257 = 5*m + 5*y, -2*m + 68 = -4*y. Calculate the highest common factor of 84 and m.
42
Let w = -37 - -66. Suppose 2*k = -d + 20 + 19, d + w = 2*k. What is the greatest common factor of 68 and k?
17
Let m(j) = -j**2 + 7*j - 7. Let n be m(5). Let o be 26*3/6 + -2. Let z = o + -8. Calculate the highest common factor of n and z.
3
Let c(z) = -3*z**2 - 27*z - 3. Let t be c(-6). What is the highest common factor of 27 and t?
3
Suppose 5*f - 135 = 5*p, 30*f - 35*f + 145 = -3*p. Calculate the greatest common factor of 72 and f.
8
Suppose 198 = 18*q - 16*q - 3*f, -3*q + 3*f = -297. What is the highest common factor of 121 and q?
11
Let s(d) = -49*d - 203. Let a be s(-6). Calculate the greatest common divisor of a and 1001.
91
Suppose 3*i - 10 = -1. Let c = 174 - i. What is the highest common divisor of 19 and c?
19
Let j be (-22)/(-4)*4 + 0. Let n = j - 5. Let l(r) = 18*r**2 - 3*r + 2. Let x be l(2). Calculate the greatest common factor of n and x.
17
Suppose -9*g = -7*g + 74. Let t = 51 + g. Calculate the highest common divisor of t and 14.
14
Suppose 3*v + 159 = 177. Suppose -186 = -21*k - 18. Calculate the greatest common factor of v and k.
2
Let z(f) = 2 + 7*f + 2*f**2 + 2 + 3. Let n be z(-5). Let v be (-110)/(-2) + -3 + 3. What is the greatest common divisor of v and n?
11
Let q be 8 + -1 + 0/(-1) + 5. Calculate the highest common factor of q and 948.
12
Let h = -466 - -517. Calculate the highest common factor of 102 and h.
51
Let j = 437 + -435. Calculate the highest common divisor of 50 and j.
2
Let j be 5/5*28*4. Suppose -5*a + 288 = -j. Suppose 20 - 62 = -2*x + u, -64 = -3*x + 2*u. What is the greatest common factor of x and a?
20
Let j(v) = v**3 - 2*v**2 + v - 1. Let z be j(4). Suppose -y - 2*b - 18 = -84, 3*b + 382 = 5*y. Let g = y - 69. What is the highest common factor of g and z?
5
Let o(i) = i**2 + 3*i + 2. Let x be o(0). Suppose 48 = x*m + 24. Calculate the highest common factor of m and 132.
12
Let c be 1/(-8 - 18487/(-2310)). What is the highest common factor of 198 and c?
66
Let t(w) be the second derivative of 7*w**5/10 - w**3/3 + w**2 - 21*w. Let c be t(1). What is the highest common factor of 56 and c?
14
Suppose -74*q - 2128 = -93*q. Calculate the highest common divisor of 32 and q.
16
Let v = 44 - 41. Suppose 5*d - 3*q - 16 = d, -v*d = 2*q - 12. What is the highest common divisor of 4 and d?
4
Let w be 2 + (-1 - -3) + 304. Let j = w - 218. Calculate the greatest common factor of 18 and j.
18
Suppose -24*p = -33*p + 90. Let h be (330/(-8))/((-6)/16). Calculate the highest common factor of h and p.
10
Let g = 3 - 9. Let k(i) = -2*i - 7. Let c be k(g). Let v be (1 + 4)*(8 - 7). What is the highest common factor of c and v?
5
Let h be (-2)/((-2)/25 + 0). Let b be (18/21)/(2/(-14)). Let s be b/(-14) - 2091/(-21). Calculate the greatest common divisor of h and s.
25
Suppose 60*q = 53*q + 700. What is the highest common divisor of q and 50?
50
Let x(k) = k - 1. Let f be x(8). Suppose -2*c - 2*r = -4, 8*r = 3*c + f*r - 22. Calculate the greatest common factor of c and 10.
2
Let n = 8 - -10. Let l = n - 8. Calculate the greatest common factor of l and 25.
5
Suppose -2*l = -6*l. Suppose l = -r + 5*n, 0 = 3*r - 3*n + 2*n. Suppose d - 7 - 3 = r. Calculate the highest common factor of d and 4.
2
Suppose -6*j = -9*j + 54. Let f be 0*5/(-10) + j. What is the greatest common factor of 54 and f?
18
Suppose -8 = 4*g, 4*q - 97*g - 206 = -96*g. Calculate the greatest common factor of 2397 and q.
51
Let l(d) = 3*d - 7. Let f be l(5). Suppose -5*k + 2*k - w + 25 = 0, 5*k = -5*w + 35. Suppose -k*u = -55 - 305. Calculate the highest common factor of u and f.
8
Let b = -46 - -88. Suppose 2*h + 0*h + 3*s - 2 = 0, -5*h + 31 = s. Let m be 44/h + (-2)/7. Calculate the highest common divisor of b and m.
6
Suppose -572 = -13*b - 13*b. Calculate the highest common divisor of 1760 and b.
22
Let t(c) = -c**3 - 13*c**2 + 11. Let d be t(-13). Let i(r) = -r**3 + 13*r**2 - 17*r + 11. Let s be i(d). What is the highest common divisor of 165 and s?
33
Suppose -12*d + 10*d + n + 124 = 0, -5*d = 3*n - 288. Calculate the highest common factor of d and 15.
15
Let g = 201 - 191. What is the highest common factor of g and 90?
10
Suppose 0 = -5*o + 9 + 6, 3*d - 5*o = 6. Suppose -19 - 2 = -3*x + 3*h, -d = -x - 4*h. Let m = 11 - 4. Calculate the highest common factor of m and x.
7
Let k = 1 + -1. Suppose 3*b - 15 = 3*h - k*b, -3 = 3*h + 3*b. Let w be ((-1)/h)/(6/450). Calculate the greatest common factor of w and 10.
5
Let n = 637 - 593. What is the greatest common factor of 682 and n?
22
Let c = -6 - -9. Let w be (-14)/(c/(-3)) - -2. Let u = -45 + 93. What is the greatest common divisor of u and w?
16
Let p be (-3)/(-3 + 30/8). Let f = p - -5. Let a be (-2 - -3) + f - -19. What is the greatest common factor of a and 14?
7
Let w(q) = 7*q**2 + 14*q + 3. Let m be w(-3). What is the greatest common divisor of 204 and m?
12
Let g(h) = -7*h + 7. Let u be g(-3). What is the highest common divisor of 98 and u?
14
Let v be (-6)/(-2) + -7 - -620. Suppose -21 = 5*m - v. Calculate the highest common divisor of m and 17.
17
Let c be (10 + -13)*(-1)/3. Let o = c - -2. Suppose -5*f = o*l - 175, -2*l + 108 = -3*f - 15. What is the greatest common factor of l and 20?
20
Let c be (-327)/(-15) - 16/(-80). Calculate the highest common factor of c and 462.
22
Suppose 5*v - 120 = -2*t, 0*t + 136 = 2*t - 3*v. Let a = 44 + -42. Suppose -a*q + 0 + 22 = 2*s, 3*s = 5*q - 71. Calculate the highest common divisor of t and q.
13
Suppose -21*j + 3*j = -2340. Calculate the highest common divisor of 156 and j.
26
Let n = 3006 - 2981. What is the greatest common factor of n and 1?
1
Suppose 0*n + 2*n = 2. Let z be (1 - (n - -2))*-17. Calculate the greatest common factor of 102 and z.
34
Suppose -4*o = 0, -3*c - 4*o + 108 = -9*o. Let n(v) = 95*v + 2479. Let p be n(-26). What is the greatest common factor of c and p?
9
Let o(x) be the first derivative of 2*x**3 + x**2/2 - 2*x - 1. Let m be o(-4). Let t = -50297 + 50357. Calculate the highest common divisor of m and t.
30
Let y(k) = k**2 + 10*k - 4. Let b be y(-11). Suppose 4*p - j + 0*j - 144 = 0, 3*p - 101 = -j. What is the greatest common divisor of p and b?
7
Let y = -77 - -199. Let b = y - 37. Suppose 96 = 4*r + 28. Calculate the greatest common divisor of b and r.
17
Let i be (-6)/4*(-2 + -24 - -2). Suppose 68 = -4*k + 2*f, 3*k + 4*f + 85 = -2*k. Let a = i + k. What is the highest common divisor of a and 95?
19
Suppose 0 = -12*c + 3*c + 54. Suppose 0 = c*f - 127 + 19. Calculate the highest common factor of 2 and f.
2
Suppose s - 6*a + 2*a = -24, -3*s - 2*a = 2. Let u be 19 - ((-1)/1 - s). What is the highest common factor of u and 176?
16
Let s(w) = 20*w**2 - 2*w - 1. Let b(z) = z + 2. Let y be b(7). Let c be y/54 + 14/(-12). Let f be s(c). What is the highest common factor of f and 3?
3
Suppose 8*z = z + 378. Let n = z - -10. What is the highest common factor of 16 and n?
16
Let n be (27/(-6))/9*18. Let t be (-3)/(1/(39/n)). What is the greatest common factor of 104 and t?
13
Let d = -2 - -1. Let v = d + 4. Suppose -52 = 2*y - 76. What is the greatest common factor of v and y?
3
Let o = 29 + -17. Let m(g) = 78*g + 6. Let n be m(3). Suppose 5*r - 252 = -4*i + n, 0 = -r - 4*i + 108. What is the greatest common divisor of o and r?
12
Let r = -372 + 412. Let b = 37 - 21. What is the highest common divisor of b and r?
8
Suppose k - 12 - 24 = 0. Let i be 4 + (5 + -3 - (-1)/(-1)). Suppose -i*t = 4*a - k, 0*a - 2*a = t - 12. What is the greatest common factor o